1). What is the highest common divisor of q and 15?
15
Suppose -w - 4*w + 4*p = -2580, -4*p - 20 = 0. Let c be w/5 + (6/10 - 0). Let t = c - 75. What is the greatest common factor of t and 42?
14
Let y be -2*(-3)/(-9)*(-20 - -26) + 671. What is the highest common factor of y and 754?
29
Let n be 10/4 + 1 - 1375/(-550). What is the greatest common factor of n and 472?
2
Suppose 2*a - 235 = -3*r, -3*a = -r - 37 + 97. Calculate the highest common factor of r and 2025.
75
Let w(o) = o**2. Let v(j) = -6*j**2 + 14*j + 16. Let q(y) = 2*v(y) + 14*w(y). Let r be q(-13). What is the greatest common factor of 15 and r?
3
Suppose -3*q + 882 = -2*a, 4*q - 5*a + 378 = 1554. Calculate the highest common divisor of 1862 and q.
98
Let q = -1596 - -2226. Calculate the highest common divisor of q and 693.
63
Let x = -96 - -540. Suppose 2*q = 8, -3*a - 21*q = -24*q - 36 + 12. What is the greatest common factor of a and x?
12
Let i be (2/(-4))/((-9)/54). Let r = 31 - i. Suppose 2*u = 20 - 6. What is the greatest common factor of r and u?
7
Let f(l) = l**2 - 13372*l + 2 + 13394*l - 104. Let p be f(5). What is the highest common factor of p and 341?
11
Suppose -10 = 4*y - 6. Let p(i) = -6*i - 1. Let v be p(y). Suppose -35 = -v*t - 3*c + 9, -t - 4*c + 2 = 0. What is the greatest common factor of 20 and t?
10
Suppose 0*u = 5*u - 60. Suppose 14 + 4 = 4*c - 3*v, -3*v = -5*c + 21. Suppose c*q - 2016 = -18*q. Calculate the highest common divisor of q and u.
12
Let t = -19000 - -20316. Calculate the greatest common divisor of t and 4700.
188
Let d be 145/(-525) - 2/(-15) - 4831/(-7). Calculate the greatest common factor of d and 1890.
30
Let s be (-13)/26 - (-31)/2. Suppose 5*v + s = 3*w + 6*v, -w - 5*v = 9. Suppose -37 = 18*b - 109. What is the highest common factor of w and b?
2
Suppose 18 = 2*c + 4*s, 4*c = -3*s - 53 + 89. What is the highest common factor of c and 153?
9
Let h be -12 - -9 - (-4 + -20). Let d be -2*-1*h/2. What is the highest common divisor of 12 and d?
3
Let o = 225 + -245. Let g be (-4)/o - (2 - (-389)/(-5)). Calculate the greatest common factor of g and 4.
4
Let r(u) = 2*u**3 + 11*u**2 + 9*u - 2. Let p be r(-4). Let c be ((-14)/3)/((-2)/(-6)). Let a = 34 + c. Calculate the greatest common factor of p and a.
10
Suppose 10 = 5*w, -3*r + 0*w - 34 = w. Let o be ((-14)/4)/(9 - (-114)/r). Calculate the highest common factor of o and 2.
1
Suppose -68 = -t + x, 4*t + 4*x - 87 = 209. Let z be ((-21)/(-1))/((-3)/(-4)). Suppose f - t - z = 0. Calculate the greatest common factor of 9 and f.
9
Suppose -2*b = -4*n - 224, 0 = -n - 5 + 1. Calculate the highest common divisor of 1300 and b.
52
Let p(u) = 2*u**2 - 6. Let k be p(-2). Suppose -41*x + 45*x - 534 = k*q, 3*x - 390 = -2*q. Calculate the highest common divisor of x and 24.
12
Let x = -755 + 13. Let o = x - -1070. Calculate the highest common divisor of o and 41.
41
Let s(j) = j + 15. Let h be s(-12). Suppose -h*q + 124 = 712. Let w = 310 + q. What is the highest common divisor of 76 and w?
38
Let n(u) = -373*u - 351. Let t be n(-1). Calculate the greatest common factor of t and 1298.
22
Suppose -19*l + 364 + 1296 = 26. What is the highest common factor of 8858 and l?
86
Let m(r) = r**3 - 3*r**2 + r + 12. Let b be m(13). What is the greatest common factor of b and 105?
35
Suppose -321 = -4*s - 3*w + 7341, w - 5744 = -3*s. What is the greatest common divisor of s and 264?
66
Let k(a) = a**3 - 6*a**2 - 57*a + 269. Let n be k(10). Suppose 22 = 2*w - w. Calculate the highest common divisor of w and n.
11
Suppose 5*z = -c + 404, 3*z + 62 = -4*c + 1746. What is the greatest common factor of 53 and c?
53
Let o = 2256 - 869. Suppose -20*a = -1503 + 43. What is the greatest common factor of a and o?
73
Let j(i) = -201*i + 2963. Let u be j(13). What is the highest common divisor of 100 and u?
50
Suppose 5*h - 10*g = -5*g + 70, 5*h - 2*g = 70. Let s be 81/(-9) - (3 + -299). Calculate the greatest common factor of h and s.
7
Suppose -22*k + 1098 = -1168. Calculate the highest common divisor of 3296 and k.
103
Let j = -25 + 297. Let r(w) be the third derivative of -w**4/24 + 20*w**3/3 - 31*w**2. Let k be r(6). What is the highest common divisor of k and j?
34
Let u(r) = -9*r - 433. Suppose 0 = 6*d - 2*d - 2*f + 208, -271 = 5*d + 3*f. Let v be u(d). What is the greatest common divisor of v and 209?
11
Suppose 0 = 3*p + 5*h - 16 - 1, -5 = -2*p + 3*h. Let o = 147 - 137. Suppose 3*g + 4 = o. What is the highest common divisor of p and g?
2
Let x(a) = 2*a**3 + 15*a**2 + 6. Let c be x(-6). What is the greatest common divisor of c and 4066?
38
Let k = -142 + 223. Let c be -2 - 2 - 39*-2. Let o = -47 + c. Calculate the greatest common divisor of k and o.
27
Suppose -w = 3*p - 43, 10*p + 4*w = 6*p + 68. Suppose -14*s + 12 = -17*s. Let t be (-5)/10 + (-106)/s. Calculate the highest common factor of p and t.
13
Let b be (2*((-1)/2 + 2))/((-23)/(-1587)). Calculate the greatest common factor of b and 4738.
23
Let t be (-6 - -61 - 6) + 2/(-8)*-20. What is the highest common factor of 14166 and t?
18
Suppose 3*w - 4*f - 80 = 0, -f = 5*w - 0*f - 141. Let k be -441*(5/(-20))/((-6)/16). Let o = 364 + k. What is the highest common factor of o and w?
14
Let p be 28/(-42)*30/(-4). Let d be (-1)/(-2*p/10). Let y be ((-60)/75)/(d/(-130)*2). What is the highest common divisor of y and 26?
26
Let f = 17282 + -16339. Calculate the greatest common divisor of 205 and f.
41
Let b = 16 + -1. Let s = -1473 - -3167. Let o be s/88 + ((-52)/16 - -4). What is the highest common divisor of o and b?
5
Let i be (-10)/(-4) - (-9315)/54. Let t be 67*1 - (-21)/(-7). Let c = -39 + t. Calculate the highest common divisor of c and i.
25
Suppose 2302 = -7*x + 2309. Calculate the greatest common divisor of x and 139.
1
Suppose 61*o = -128*o + 23*o + 830. What is the greatest common divisor of 1700 and o?
5
Suppose v - 79 + 97 = 0. Let i be 4/(3/v*(-9)/6). What is the greatest common divisor of 104 and i?
8
Suppose -13259 = -12*c + 3589. Suppose 4*b + c = 4*h, 3*h + 6*b - 1053 = 11*b. Calculate the highest common factor of h and 13.
13
Let q be 141 + -22 + 4 + -2 + -2 + -5. Calculate the greatest common divisor of q and 399.
57
Suppose -41*c - 1232 = -48*c. Let w be 8/(-5)*(-880)/64. Calculate the greatest common factor of w and c.
22
Suppose -5*d + 17012 = -3*p, -3*d - 5*p + 6842 = -d. Calculate the highest common factor of d and 26.
26
Let o = 2981 - 2960. Calculate the greatest common factor of o and 2219.
7
Let b(i) = 9*i + 124. Let q be b(-18). Let z be (0 + -9)/(3/(-14)). Let m = z + q. What is the greatest common factor of 8 and m?
4
Let c be 40 + -1 + 1 + 2. Suppose -13*b + 202 = -11*b + n, 2*b = 10*n + 290. What is the highest common factor of c and b?
21
Let u be (-60)/18*(-3)/(-4)*-2. Suppose u*i + 4*l - 245 = 0, 2*i + 5*l + 65 = 4*i. Calculate the greatest common divisor of i and 10.
5
Let v be 20/(-6) + ((-2)/3)/1. Let n be (14/v - -1)*(-107 + 71). Calculate the highest common factor of 60 and n.
30
Let r be (368/(-276))/(2/(-7350)). What is the highest common factor of 10 and r?
10
Suppose 3*g + 14 = n, -4*n + 5*g + 6 = -22. Let s(l) = n - 2 + 3*l + 7 + 3*l - l**2. Let o be s(6). Calculate the highest common factor of o and 7.
7
Let o = -102 + 145. Let u = -27 + o. What is the highest common factor of 6 and u?
2
Suppose -89*b - 1068 = -5785. What is the greatest common divisor of b and 16271?
53
Suppose f = -14 + 32. Suppose 23*h - 5 = f*h. Let y be (-7)/2*(-4)/h*1. Calculate the highest common factor of y and 98.
14
Let k(g) = -g**2 + 6*g - 1. Let w be k(5). Let d be 2*(w + -6)*(-33)/4. What is the highest common factor of d and 363?
33
Let u be 40290/20 + 9/(-6). Suppose 39 = u*b - 2010*b. Calculate the greatest common factor of b and 377.
13
Let f(p) = 16*p**3 + p**2 + 5*p - 6. Suppose -4*l = -7*l + 39. Suppose 17 = l*d - 22. Let y be f(d). What is the highest common factor of 50 and y?
50
Let a(i) be the third derivative of -i**6/120 - i**5/15 - i**4/12 - 13*i**3/6 - 136*i**2. Let u be a(-5). Calculate the greatest common factor of u and 110.
22
Let o be ((11 - 18) + 10)*21. What is the greatest common divisor of 210 and o?
21
Suppose 2*r - 12 = 4*a + 38, 0 = -4*r + a + 72. Let w be (76/22)/(60/11220). What is the highest common factor of r and